{"id":1868,"date":"2022-03-18T21:27:09","date_gmt":"2022-03-19T00:27:09","guid":{"rendered":"http:\/\/loja.clubedcompras.com\/?page_id=1868"},"modified":"2025-05-07T17:22:50","modified_gmt":"2025-05-07T20:22:50","slug":"manicure","status":"publish","type":"page","link":"https:\/\/lunafortaleza.com.br\/index.php\/manicure\/","title":{"rendered":"MANICURE"},"content":{"rendered":"\t\t<div data-elementor-type=\"wp-page\" data-elementor-id=\"1868\" class=\"elementor elementor-1868\">\n\t\t\t\t\t\t<section class=\"elementor-section elementor-top-section elementor-element elementor-element-760cc29 elementor-section-boxed elementor-section-height-default elementor-section-height-default\" data-id=\"760cc29\" data-element_type=\"section\" data-e-type=\"section\">\n\t\t\t\t\t\t<div class=\"elementor-container elementor-column-gap-default\">\n\t\t\t\t\t<div class=\"elementor-column elementor-col-100 elementor-top-column elementor-element elementor-element-68b288c\" data-id=\"68b288c\" data-element_type=\"column\" data-e-type=\"column\">\n\t\t\t<div class=\"elementor-widget-wrap elementor-element-populated\">\n\t\t\t\t\t\t<div class=\"elementor-element elementor-element-61239aa elementor-widget elementor-widget-shortcode\" data-id=\"61239aa\" data-element_type=\"widget\" data-e-type=\"widget\" data-widget_type=\"shortcode.default\">\n\t\t\t\t<div class=\"elementor-widget-container\">\n\t\t\t\t\t\t\t<div class=\"elementor-shortcode\"><div class=\"woocommerce columns-3 \">\r\n<ul class=\"products oceanwp-row clr grid tablet-col tablet-2-col mobile-col mobile-2-col\">\r\n<li class=\"entry has-media has-product-nav col span_1_of_3 owp-content-center owp-thumbs-layout-horizontal owp-btn-normal owp-tabs-layout-horizontal has-no-thumbnails product type-product post-2953 status-publish first instock product_cat-manicure product_cat-manutencao has-post-thumbnail shipping-taxable purchasable product-type-simple\">\n\t<div class=\"product-inner clr\">\r\n\t<div class=\"woo-entry-image clr\">\r\n\t\t<a href=\"https:\/\/lunafortaleza.com.br\/index.php\/produto\/emoliente-cuticula-100g\/\" class=\"woocommerce-LoopProduct-link\"><img fetchpriority=\"high\" decoding=\"async\" width=\"265\" height=\"331\" src=\"https:\/\/lunafortaleza.com.br\/wp-content\/uploads\/2022\/09\/emoliente-265x331.jpg\" class=\"woo-entry-image-main\" alt=\"EMOLIENTE CUTICULA 150g\" itemprop=\"image\" \/><\/a><a href=\"#\" id=\"product_id_2953\" class=\"owp-quick-view\" data-product_id=\"2953\" aria-label=\"Pr\u00e9-visualiza\u00e7\u00e3o r\u00e1pida do produto EMOLIENTE CUTICULA 150g\"><i class=\" icon-eye\" aria-hidden=\"true\" role=\"img\"><\/i> Visualiza\u00e7\u00e3o r\u00e1pida<\/a>\t<\/div><!-- .woo-entry-image -->\r\n\r\n<ul class=\"woo-entry-inner clr\"><li class=\"image-wrap\">\r\n\t<div class=\"woo-entry-image clr\">\r\n\t\t<a href=\"https:\/\/lunafortaleza.com.br\/index.php\/produto\/emoliente-cuticula-100g\/\" class=\"woocommerce-LoopProduct-link\"><img fetchpriority=\"high\" decoding=\"async\" width=\"265\" height=\"331\" src=\"https:\/\/lunafortaleza.com.br\/wp-content\/uploads\/2022\/09\/emoliente-265x331.jpg\" class=\"woo-entry-image-main\" alt=\"EMOLIENTE CUTICULA 150g\" itemprop=\"image\" \/><\/a><a href=\"#\" id=\"product_id_2953\" class=\"owp-quick-view\" data-product_id=\"2953\" aria-label=\"Pr\u00e9-visualiza\u00e7\u00e3o r\u00e1pida do produto EMOLIENTE CUTICULA 150g\"><i class=\" icon-eye\" aria-hidden=\"true\" role=\"img\"><\/i> Visualiza\u00e7\u00e3o r\u00e1pida<\/a>\t<\/div><!-- .woo-entry-image -->\r\n\r\n<\/li><li class=\"btn-wrap clr\"><a href=\"\/index.php\/wp-json\/wp\/v2\/pages\/1868?add-to-cart=2953\" aria-describedby=\"woocommerce_loop_add_to_cart_link_describedby_2953\" data-quantity=\"1\" class=\"button product_type_simple add_to_cart_button ajax_add_to_cart\" data-product_id=\"2953\" data-product_sku=\"63\" aria-label=\"Adicione ao carrinho: &ldquo;EMOLIENTE CUTICULA 150g&rdquo;\" rel=\"nofollow\" data-success_message=\"\u201cEMOLIENTE CUTICULA 150g\u201d foi adicionado ao seu carrinho\" role=\"button\">Adicionar ao carrinho<\/a>\t<span id=\"woocommerce_loop_add_to_cart_link_describedby_2953\" class=\"screen-reader-text\">\n\t\t\t<\/span>\n<\/li><li class=\"price-wrap\">\n\t<span class=\"price\"><span class=\"woocommerce-Price-amount amount\"><bdi><span class=\"woocommerce-Price-currencySymbol\">&#82;&#36;<\/span>&nbsp;33,00<\/bdi><\/span><\/span>\n<\/li><li class=\"title\"><h2><a href=\"https:\/\/lunafortaleza.com.br\/index.php\/produto\/emoliente-cuticula-100g\/\">EMOLIENTE CUTICULA 150g<\/a><\/h2><\/li><li class=\"rating\"><\/li><\/ul><\/div><!-- .product-inner .clr --><\/li>\n<li class=\"entry has-media has-product-nav col span_1_of_3 owp-content-center owp-thumbs-layout-horizontal owp-btn-normal owp-tabs-layout-horizontal has-no-thumbnails product type-product post-2951 status-publish instock product_cat-manicure product_cat-manutencao has-post-thumbnail shipping-taxable purchasable product-type-simple\">\n\t<div class=\"product-inner clr\">\r\n\t<div class=\"woo-entry-image clr\">\r\n\t\t<a href=\"https:\/\/lunafortaleza.com.br\/index.php\/produto\/gomage-esfoliante-200g\/\" class=\"woocommerce-LoopProduct-link\"><img decoding=\"async\" width=\"265\" height=\"331\" src=\"https:\/\/lunafortaleza.com.br\/wp-content\/uploads\/2022\/09\/gomage-265x331.jpg\" class=\"woo-entry-image-main\" alt=\"GOMAGE ESFOLIANTE 200g\" itemprop=\"image\" \/><\/a><a href=\"#\" id=\"product_id_2951\" class=\"owp-quick-view\" data-product_id=\"2951\" aria-label=\"Pr\u00e9-visualiza\u00e7\u00e3o r\u00e1pida do produto GOMAGE ESFOLIANTE 200g\"><i class=\" icon-eye\" aria-hidden=\"true\" role=\"img\"><\/i> Visualiza\u00e7\u00e3o r\u00e1pida<\/a>\t<\/div><!-- .woo-entry-image -->\r\n\r\n<ul class=\"woo-entry-inner clr\"><li class=\"image-wrap\">\r\n\t<div class=\"woo-entry-image clr\">\r\n\t\t<a href=\"https:\/\/lunafortaleza.com.br\/index.php\/produto\/gomage-esfoliante-200g\/\" class=\"woocommerce-LoopProduct-link\"><img decoding=\"async\" width=\"265\" height=\"331\" src=\"https:\/\/lunafortaleza.com.br\/wp-content\/uploads\/2022\/09\/gomage-265x331.jpg\" class=\"woo-entry-image-main\" alt=\"GOMAGE ESFOLIANTE 200g\" itemprop=\"image\" \/><\/a><a href=\"#\" id=\"product_id_2951\" class=\"owp-quick-view\" data-product_id=\"2951\" aria-label=\"Pr\u00e9-visualiza\u00e7\u00e3o r\u00e1pida do produto GOMAGE ESFOLIANTE 200g\"><i class=\" icon-eye\" aria-hidden=\"true\" role=\"img\"><\/i> Visualiza\u00e7\u00e3o r\u00e1pida<\/a>\t<\/div><!-- .woo-entry-image -->\r\n\r\n<\/li><li class=\"btn-wrap clr\"><a href=\"\/index.php\/wp-json\/wp\/v2\/pages\/1868?add-to-cart=2951\" aria-describedby=\"woocommerce_loop_add_to_cart_link_describedby_2951\" data-quantity=\"1\" class=\"button product_type_simple add_to_cart_button ajax_add_to_cart\" data-product_id=\"2951\" data-product_sku=\"65\" aria-label=\"Adicione ao carrinho: &ldquo;GOMAGE ESFOLIANTE 200g&rdquo;\" rel=\"nofollow\" data-success_message=\"\u201cGOMAGE ESFOLIANTE 200g\u201d foi adicionado ao seu carrinho\" role=\"button\">Adicionar ao carrinho<\/a>\t<span id=\"woocommerce_loop_add_to_cart_link_describedby_2951\" class=\"screen-reader-text\">\n\t\t\t<\/span>\n<\/li><li class=\"price-wrap\">\n\t<span class=\"price\"><span class=\"woocommerce-Price-amount amount\"><bdi><span class=\"woocommerce-Price-currencySymbol\">&#82;&#36;<\/span>&nbsp;60,00<\/bdi><\/span><\/span>\n<\/li><li class=\"title\"><h2><a href=\"https:\/\/lunafortaleza.com.br\/index.php\/produto\/gomage-esfoliante-200g\/\">GOMAGE ESFOLIANTE 200g<\/a><\/h2><\/li><li class=\"rating\"><\/li><\/ul><\/div><!-- .product-inner .clr --><\/li>\n<li class=\"entry has-media has-product-nav col span_1_of_3 owp-content-center owp-thumbs-layout-horizontal owp-btn-normal owp-tabs-layout-horizontal has-no-thumbnails product type-product post-2909 status-publish last instock product_cat-manicure product_cat-manutencao has-post-thumbnail shipping-taxable purchasable product-type-simple\">\n\t<div class=\"product-inner clr\">\r\n\t<div class=\"woo-entry-image clr\">\r\n\t\t<a href=\"https:\/\/lunafortaleza.com.br\/index.php\/produto\/luva-de-silicone-revitalizante-150g\/\" class=\"woocommerce-LoopProduct-link\"><img decoding=\"async\" width=\"265\" height=\"331\" src=\"https:\/\/lunafortaleza.com.br\/wp-content\/uploads\/2022\/09\/Sem-titulo-265x331.png\" class=\"woo-entry-image-main\" alt=\"LUVA DE SILICONE REVITALIZANTE 150g\" itemprop=\"image\" \/><\/a><a href=\"#\" id=\"product_id_2909\" class=\"owp-quick-view\" data-product_id=\"2909\" aria-label=\"Pr\u00e9-visualiza\u00e7\u00e3o r\u00e1pida do produto LUVA DE SILICONE REVITALIZANTE 150g\"><i class=\" icon-eye\" aria-hidden=\"true\" role=\"img\"><\/i> Visualiza\u00e7\u00e3o r\u00e1pida<\/a>\t<\/div><!-- .woo-entry-image -->\r\n\r\n<ul class=\"woo-entry-inner clr\"><li class=\"image-wrap\">\r\n\t<div class=\"woo-entry-image clr\">\r\n\t\t<a href=\"https:\/\/lunafortaleza.com.br\/index.php\/produto\/luva-de-silicone-revitalizante-150g\/\" class=\"woocommerce-LoopProduct-link\"><img decoding=\"async\" width=\"265\" height=\"331\" src=\"https:\/\/lunafortaleza.com.br\/wp-content\/uploads\/2022\/09\/Sem-titulo-265x331.png\" class=\"woo-entry-image-main\" alt=\"LUVA DE SILICONE REVITALIZANTE 150g\" itemprop=\"image\" \/><\/a><a href=\"#\" id=\"product_id_2909\" class=\"owp-quick-view\" data-product_id=\"2909\" aria-label=\"Pr\u00e9-visualiza\u00e7\u00e3o r\u00e1pida do produto LUVA DE SILICONE REVITALIZANTE 150g\"><i class=\" icon-eye\" aria-hidden=\"true\" role=\"img\"><\/i> Visualiza\u00e7\u00e3o r\u00e1pida<\/a>\t<\/div><!-- .woo-entry-image -->\r\n\r\n<\/li><li class=\"btn-wrap clr\"><a href=\"\/index.php\/wp-json\/wp\/v2\/pages\/1868?add-to-cart=2909\" aria-describedby=\"woocommerce_loop_add_to_cart_link_describedby_2909\" data-quantity=\"1\" class=\"button product_type_simple add_to_cart_button ajax_add_to_cart\" data-product_id=\"2909\" data-product_sku=\"64\" aria-label=\"Adicione ao carrinho: &ldquo;LUVA DE SILICONE REVITALIZANTE 150g&rdquo;\" rel=\"nofollow\" data-success_message=\"\u201cLUVA DE SILICONE REVITALIZANTE 150g\u201d foi adicionado ao seu carrinho\" role=\"button\">Adicionar ao carrinho<\/a>\t<span id=\"woocommerce_loop_add_to_cart_link_describedby_2909\" class=\"screen-reader-text\">\n\t\t\t<\/span>\n<\/li><li class=\"price-wrap\">\n\t<span class=\"price\"><span class=\"woocommerce-Price-amount amount\"><bdi><span class=\"woocommerce-Price-currencySymbol\">&#82;&#36;<\/span>&nbsp;33,00<\/bdi><\/span><\/span>\n<\/li><li class=\"title\"><h2><a href=\"https:\/\/lunafortaleza.com.br\/index.php\/produto\/luva-de-silicone-revitalizante-150g\/\">LUVA DE SILICONE REVITALIZANTE 150g<\/a><\/h2><\/li><li class=\"rating\"><\/li><\/ul><\/div><!-- .product-inner .clr --><\/li>\n<\/ul>\n<\/div><\/div>\n\t\t\t\t\t\t<\/div>\n\t\t\t\t<\/div>\n\t\t\t\t\t<\/div>\n\t\t<\/div>\n\t\t\t\t\t<\/div>\n\t\t<\/section>\n\t\t\t\t<\/div>\n\t\t","protected":false},"excerpt":{"rendered":"","protected":false},"author":1,"featured_media":0,"parent":0,"menu_order":0,"comment_status":"closed","ping_status":"closed","template":"","meta":{"ocean_post_layout":"full-width","ocean_both_sidebars_style":"","ocean_both_sidebars_content_width":0,"ocean_both_sidebars_sidebars_width":0,"ocean_sidebar":"0","ocean_second_sidebar":"0","ocean_disable_margins":"enable","ocean_add_body_class":"","ocean_shortcode_before_top_bar":"","ocean_shortcode_after_top_bar":"","ocean_shortcode_before_header":"","ocean_shortcode_after_header":"","ocean_has_shortcode":"","ocean_shortcode_after_title":"","ocean_shortcode_before_footer_widgets":"","ocean_shortcode_after_footer_widgets":"","ocean_shortcode_before_footer_bottom":"","ocean_shortcode_after_footer_bottom":"","ocean_display_top_bar":"default","ocean_display_header":"default","ocean_header_style":"","ocean_center_header_left_menu":"0","ocean_custom_header_template":"0","ocean_custom_logo":0,"ocean_custom_retina_logo":0,"ocean_custom_logo_max_width":0,"ocean_custom_logo_tablet_max_width":0,"ocean_custom_logo_mobile_max_width":0,"ocean_custom_logo_max_height":0,"ocean_custom_logo_tablet_max_height":0,"ocean_custom_logo_mobile_max_height":0,"ocean_header_custom_menu":"0","ocean_menu_typo_font_family":"0","ocean_menu_typo_font_subset":"","ocean_menu_typo_font_size":0,"ocean_menu_typo_font_size_tablet":0,"ocean_menu_typo_font_size_mobile":0,"ocean_menu_typo_font_size_unit":"px","ocean_menu_typo_font_weight":"","ocean_menu_typo_font_weight_tablet":"","ocean_menu_typo_font_weight_mobile":"","ocean_menu_typo_transform":"","ocean_menu_typo_transform_tablet":"","ocean_menu_typo_transform_mobile":"","ocean_menu_typo_line_height":0,"ocean_menu_typo_line_height_tablet":0,"ocean_menu_typo_line_height_mobile":0,"ocean_menu_typo_line_height_unit":"","ocean_menu_typo_spacing":0,"ocean_menu_typo_spacing_tablet":0,"ocean_menu_typo_spacing_mobile":0,"ocean_menu_typo_spacing_unit":"","ocean_menu_link_color":"","ocean_menu_link_color_hover":"","ocean_menu_link_color_active":"","ocean_menu_link_background":"","ocean_menu_link_hover_background":"","ocean_menu_link_active_background":"","ocean_menu_social_links_bg":"","ocean_menu_social_hover_links_bg":"","ocean_menu_social_links_color":"","ocean_menu_social_hover_links_color":"","ocean_disable_title":"default","ocean_disable_heading":"default","ocean_post_title":"","ocean_post_subheading":"","ocean_post_title_style":"","ocean_post_title_background_color":"","ocean_post_title_background":0,"ocean_post_title_bg_image_position":"","ocean_post_title_bg_image_attachment":"","ocean_post_title_bg_image_repeat":"","ocean_post_title_bg_image_size":"","ocean_post_title_height":0,"ocean_post_title_bg_overlay":0.5,"ocean_post_title_bg_overlay_color":"","ocean_disable_breadcrumbs":"default","ocean_breadcrumbs_color":"","ocean_breadcrumbs_separator_color":"","ocean_breadcrumbs_links_color":"","ocean_breadcrumbs_links_hover_color":"","ocean_display_footer_widgets":"default","ocean_display_footer_bottom":"default","ocean_custom_footer_template":"0","footnotes":""},"class_list":["post-1868","page","type-page","status-publish","hentry","entry","owp-thumbs-layout-horizontal","owp-btn-normal","owp-tabs-layout-horizontal","has-no-thumbnails","has-product-nav"],"_links":{"self":[{"href":"https:\/\/lunafortaleza.com.br\/index.php\/wp-json\/wp\/v2\/pages\/1868","targetHints":{"allow":["GET"]}}],"collection":[{"href":"https:\/\/lunafortaleza.com.br\/index.php\/wp-json\/wp\/v2\/pages"}],"about":[{"href":"https:\/\/lunafortaleza.com.br\/index.php\/wp-json\/wp\/v2\/types\/page"}],"author":[{"embeddable":true,"href":"https:\/\/lunafortaleza.com.br\/index.php\/wp-json\/wp\/v2\/users\/1"}],"replies":[{"embeddable":true,"href":"https:\/\/lunafortaleza.com.br\/index.php\/wp-json\/wp\/v2\/comments?post=1868"}],"version-history":[{"count":0,"href":"https:\/\/lunafortaleza.com.br\/index.php\/wp-json\/wp\/v2\/pages\/1868\/revisions"}],"wp:attachment":[{"href":"https:\/\/lunafortaleza.com.br\/index.php\/wp-json\/wp\/v2\/media?parent=1868"}],"curies":[{"name":"wp","href":"https:\/\/api.w.org\/{rel}","templated":true}]}}